alculate the highest common factor of k and i.
8
Let t(j) = -j**2 + 8*j + 8. Let c be t(8). Let w = 0 - -20. Suppose -w - c = -l. What is the highest common divisor of 7 and l?
7
Suppose -4*h + 0 + 40 = 0. Let b(w) = w**3 - 4*w**2 + 3*w. Let f be b(5). Calculate the greatest common divisor of f and h.
10
Suppose -m = 21 + 11. Let w = -18 - m. Calculate the highest common divisor of 154 and w.
14
Let t = 32 + 33. Suppose -2*n = 3*n - t. What is the highest common factor of 26 and n?
13
Suppose 4*z - 10 = -z. Suppose -4*o - i - 12 + 91 = 0, -3*o = -z*i - 51. What is the greatest common divisor of 209 and o?
19
Let c = 7 - 5. Let x be (c/(-5))/((-3)/30). What is the greatest common divisor of x and 20?
4
Suppose w - 2*h - 170 = 0, 3*w = -w + 3*h + 680. What is the highest common divisor of 34 and w?
34
Let v(l) = 12*l**2 - 2*l + 1. Let y be v(1). Suppose 3*a - 78 = -3*s + 27, -5*a - 122 = -4*s. Calculate the greatest common divisor of y and s.
11
Let o(m) be the third derivative of -m**6/120 + m**5/12 + m**4/3 - 6*m**2. Let l be o(6). Calculate the highest common divisor of 6 and l.
6
Let t be 2*1 - (-32)/(-4). Let v be (8/t)/(6/(-135)). What is the greatest common factor of v and 10?
10
Suppose b - 36 = -4*q, 4*q - 19 = -2*b + 21. Let k(a) = -7*a + 16. Let z be k(-8). Calculate the highest common factor of q and z.
8
Let p(w) = -w**3 + 12*w**2 + 4*w. Let j = 16 - 4. Let c be p(j). What is the greatest common divisor of 120 and c?
24
Let v be 2 - ((-6)/(-3) + 2). Let t be (-45 - (2 + v)) + -2. Let a = t + 68. What is the greatest common divisor of 14 and a?
7
Suppose 76 = -5*f - 34. Let i be -2 - 5/(5/f). Suppose -d - 1 + 19 = -3*c, -i = -d + 2*c. Calculate the highest common divisor of d and 36.
12
Suppose -h = 3*s + 9 - 0, -5 = s. Calculate the greatest common divisor of h and 30.
6
Suppose 2*f = 124 - 40. Calculate the greatest common factor of 378 and f.
42
Suppose 15 = -5*k, 4*m + 0*k = -5*k + 337. Suppose 5*a + 25 = -0*a. Let h = 13 + a. Calculate the greatest common divisor of h and m.
8
Suppose -z + 112 = a, a + 0*z + 4*z = 118. Calculate the highest common factor of a and 10.
10
Suppose -2*o + 10 = -50. Let n be ((-45)/20)/(6/(-16)). Calculate the greatest common divisor of n and o.
6
Suppose -4*b + 8 = l, 0 = 3*l - 2*l + 4. Suppose 3*c - b*j = 15, -5*c - j = -5*j - 25. Calculate the highest common divisor of c and 35.
5
Let n = 65 - 117. Let i(u) = 2*u**3 + u**2 - 3*u. Let a be i(4). Let l = n + a. Calculate the highest common divisor of l and 10.
10
Let n(z) = -9 + 6*z + 13*z - 17*z. Suppose -45 = -0*p - 5*p. Let o be n(p). What is the highest common divisor of 27 and o?
9
Suppose 8*p - 157 = -13. What is the greatest common factor of p and 12?
6
Let l = 25 + -8. Suppose -3 - l = -f - 2*z, -4*f - 2*z + 110 = 0. What is the greatest common factor of 12 and f?
6
Let s be (-4)/10 - (-17)/5. Suppose -5*z + 7 = s*j - 5*j, 2*j = -5*z + 23. Suppose -z*g = g - 352. Calculate the highest common factor of g and 8.
8
Let a = 5 - -4. Let d = 42 - 24. Calculate the greatest common factor of a and d.
9
Suppose 0 = -0*b + b - 4*x - 6, -9 = b + x. Let z be (-4 + b)*3*-1. Calculate the highest common factor of 10 and z.
10
Let p(z) = 83*z + 10. Let n be p(-4). Let o = 619 + n. What is the highest common factor of 33 and o?
33
Suppose z + 2*p - 98 = 0, 3*p - p + 432 = 4*z. Suppose 3*n + z = -0*a + 5*a, 4*a = n + 82. Let h = -116 + 126. What is the greatest common divisor of h and a?
10
Let c be (-24)/9 + (-4)/(-6). Let h be ((-36)/10)/(c/5). Let v(g) = g**3 - 10*g**2 + 9*g + 6. Let f be v(h). Calculate the highest common factor of 18 and f.
6
Let h = 1 + -1. Suppose h = -4*r + 3*r + 18. Suppose 3 = -w + r. What is the highest common factor of w and 165?
15
Let h = 84 + -74. Let r = 30 - 20. Calculate the highest common divisor of r and h.
10
Let b(i) = -2*i**3 - 3*i**2 - 2*i - 1. Let l be b(-2). What is the highest common factor of 7 and l?
7
Let j be (1 - 2) + -3 + 9. Calculate the greatest common factor of j and 40.
5
Let j = 923 - 868. Let b be 1 + -1 + 1 - -4. Calculate the greatest common factor of j and b.
5
Let v be (-2)/(-4 - 1932/(-484)). Calculate the highest common factor of 22 and v.
22
Let c(t) = 3*t - 2. Let i be c(-5). Let r = i - -29. Calculate the greatest common divisor of r and 4.
4
Suppose -5*u = 7*u - 384. What is the greatest common factor of 12 and u?
4
Let i(z) = z**2 + 2. Let b be i(0). Suppose b = k - 11. What is the highest common divisor of 117 and k?
13
Suppose -15*d = -4*d - 396. What is the highest common factor of d and 2?
2
Let i(v) = -2*v - 1. Let w be i(-3). Suppose -11 = 3*h + 4*u, -5*h + 0 = w*u + 10. Let o be h*(3 + 0/(-2)). Calculate the highest common divisor of o and 99.
9
Let x = 4 + -3. Let o be (1 + x)/2 - -188. Calculate the highest common divisor of o and 21.
21
Suppose 2*c + 4*v - 20 = -v, -2*c + 20 = 3*v. Suppose -156 - 194 = -5*h. Calculate the greatest common divisor of c and h.
10
Suppose 6*w = 9*w. Suppose w = -2*d + 1 + 25. What is the highest common factor of d and 13?
13
Let k be (-7)/(-1) - (-16 + 11). What is the highest common factor of k and 72?
12
Let n = 18 + -6. Calculate the greatest common factor of n and 144.
12
Suppose 0 = 4*i - 3*a - 0*a - 160, -205 = -5*i + 5*a. Let m = i + -26. Let y(h) = 43*h + 2. Let v be y(2). What is the greatest common factor of v and m?
11
Let y(x) = -10*x + 10. Let i be y(-7). Let w be i/(-6)*(-96)/40. What is the highest common divisor of w and 4?
4
Suppose -4*l + 2*q + 292 = -238, -4*l - 2*q = -510. What is the highest common factor of l and 26?
26
Let p(c) = c**3 - 2*c**2 - 6*c + 6. Let l be p(4). Suppose -5*s + l = -4*w, -5*s = 3*w - 61 + 19. What is the highest common divisor of 9 and s?
3
Suppose -5*c + 85 = -3*j - 2*j, 0 = -5*c - 3*j + 45. Calculate the highest common factor of c and 108.
12
Let k(s) = 2*s**2 + 4*s. Let l be k(-3). Let d(f) = 9*f - 6. Let i be d(l). Calculate the greatest common divisor of i and 6.
6
Suppose 48 = 93*y - 90*y. What is the greatest common factor of y and 72?
8
Let y(l) = 0 - 2 + 3 + l + 2. Let p be y(0). Suppose 2*n = -3*g + 61, -3 - 6 = -p*g. Calculate the greatest common factor of 39 and n.
13
Suppose 10*g - 10 = 15*g. Let w be ((-16)/24)/(g/195). Calculate the greatest common factor of w and 26.
13
Suppose 7*a - 2*d - 38 = 4*a, 4*a + 3*d = 62. Let o = -24 + 45. Calculate the highest common divisor of a and o.
7
Suppose 0 = -o + 4*t - 2*t + 18, -o - 3 = 5*t. Calculate the greatest common factor of o and 48.
12
Suppose -4*p = 13 + 11. Let t(z) = -z**2 - 7*z + 3. Let j be t(p). Calculate the highest common factor of 3 and j.
3
Suppose -3*u = -4*u + 2. Let m be (-1 - u)*21/(-9). Calculate the highest common factor of m and 7.
7
Let y be 338/6 + 2/(-6). Let d be 3 + -3 + 11 - 3. What is the greatest common factor of d and y?
8
Let r be ((-4)/(-5))/(8/(-21020)). Let y be r/(-18) + (-2)/(-9). Suppose d + 68 = 4*x + 5*d, -2*d = -x + 5. Calculate the greatest common factor of y and x.
13
Let j be (-8)/(-44) + (-344)/(-44). Calculate the highest common factor of 32 and j.
8
Let u be ((-12)/9)/((-6 - -3)/36). What is the highest common divisor of 12 and u?
4
Suppose l - 3 = 2*o, 2*o + 1 = 2*l - 1. Let x be 94/(-2)*l - -1. Calculate the greatest common divisor of x and 6.
6
Suppose 313 = 4*q - 227. Suppose q = 4*p - p. What is the highest common divisor of p and 30?
15
Let p(t) = t**3 + 5*t**2 - 2*t - 5. Let s be p(-5). Let v be -2*s*-1 + 0. Calculate the greatest common factor of 80 and v.
10
Let n(q) = -q**2 + q - 1. Let y be n(-2). Let v be (1 + y)*11/(-2). What is the highest common factor of v and 11?
11
Let b be 4/(-18) - 128/(-9). Let d be 12/(2 - 25/b). What is the highest common factor of d and 8?
8
Let j(s) = 2*s**2 + 6*s - 12. Let u be j(-7). What is the highest common divisor of 11 and u?
11
Let p(b) = b**2 - 9*b + 6. Let k be p(10). Calculate the highest common divisor of k and 176.
16
Let p(x) = -x**2 + 11*x + 32. Let q be p(13). What is the highest common divisor of 24 and q?
6
Let x = -12 - -15. Let d be -1 - (-10 + x + -2). Calculate the highest common factor of 24 and d.
8
Suppose -4*s = -3*j + 87 + 45, -204 = -4*j - 4*s. What is the greatest common factor of 24 and j?
24
Suppose -g - 7 = -34. What is the high